{"id":2,"date":"2024-11-21T16:52:51","date_gmt":"2024-11-21T15:52:51","guid":{"rendered":"http:\/\/lucas.bethmont.formation-esiac.fr\/?page_id=2"},"modified":"2025-05-05T09:08:32","modified_gmt":"2025-05-05T07:08:32","slug":"epreuve-e4","status":"publish","type":"page","link":"https:\/\/lucas.bethmont.formation-esiac.fr\/index.php\/epreuve-e4\/","title":{"rendered":"\u00c9preuve E4"},"content":{"rendered":"\n<p><\/p>\n\n\n\n<p>Dans le cadre de l\u2019\u00e9preuve E4 du BTS SIO, j\u2019ai r\u00e9alis\u00e9 plusieurs dossiers d\u00e9taillant des situations professionnelles rencontr\u00e9es et les solutions que j\u2019ai mises en place. Ces dossiers illustrent mes comp\u00e9tences techniques et m\u00e9thodologiques dans l\u2019administration des syst\u00e8mes, la gestion des r\u00e9seaux et le d\u00e9veloppement d\u2019applications.<\/p>\n\n\n\n<p>Chaque dossier pr\u00e9sente une probl\u00e9matique r\u00e9elle, l\u2019analyse de la situation, les solutions envisag\u00e9es et la mise en \u0153uvre technique. Mon objectif \u00e0 travers ces travaux est de d\u00e9montrer ma capacit\u00e9 \u00e0 r\u00e9pondre aux besoins d\u2019une entreprise en appliquant des m\u00e9thodologies adapt\u00e9es et en exploitant les outils informatiques ad\u00e9quats.<\/p>\n\n\n\n<blockquote class=\"wp-block-quote is-layout-flow wp-block-quote-is-layout-flow\">\n<p>Veuillez trouvez, ci-dessous, mes dossiers d&#8217;activit\u00e9s pour l&#8217;\u00e9preuve E4. A la fin de cette page, retrouvez le bar\u00e8me de l&#8217;\u00e9preuve ainsi que la grille de comp\u00e9tence.<\/p>\n<\/blockquote>\n\n\n\n<div class=\"wp-block-columns is-layout-flex wp-container-core-columns-is-layout-28f84493 wp-block-columns-is-layout-flex\">\n<div class=\"wp-block-column is-layout-flow wp-block-column-is-layout-flow\" style=\"flex-basis:100%\">\n<h2 class=\"wp-block-heading\">Dossier E4 : Installation de nouveaux scanners + d\u00e9ploiement d&#8217;un logiciel de traitement de PDF &#8211; ScanSnap<\/h2>\n<\/div>\n<\/div>\n\n\n\n<div class=\"wp-block-columns is-layout-flex wp-container-core-columns-is-layout-28f84493 wp-block-columns-is-layout-flex\">\n<div class=\"wp-block-column is-layout-flow wp-block-column-is-layout-flow\">\n<div data-wp-interactive=\"core\/file\" class=\"wp-block-file\"><object data-wp-bind--hidden=\"!state.hasPdfPreview\" hidden class=\"wp-block-file__embed\" data=\"https:\/\/lucas.bethmont.formation-esiac.fr\/wp-content\/uploads\/2025\/05\/DOSSIER-E4-ScanSnap.pdf\" type=\"application\/pdf\" style=\"width:100%;height:1190px\" aria-label=\"Embed of DOSSIER E4 - ScanSnap.\"><\/object><a id=\"wp-block-file--media-5f6111fa-c01e-4524-898c-65d81176bea6\" href=\"https:\/\/lucas.bethmont.formation-esiac.fr\/wp-content\/uploads\/2025\/05\/DOSSIER-E4-ScanSnap.pdf\">DOSSIER E4 &#8211; ScanSnap<\/a><a href=\"https:\/\/lucas.bethmont.formation-esiac.fr\/wp-content\/uploads\/2025\/05\/DOSSIER-E4-ScanSnap.pdf\" class=\"wp-block-file__button wp-element-button\" download aria-describedby=\"wp-block-file--media-5f6111fa-c01e-4524-898c-65d81176bea6\">T\u00e9l\u00e9charger<\/a><\/div>\n<\/div>\n<\/div>\n\n\n\n<div class=\"wp-block-stackable-divider stk-block-divider stk-block stk-65c7644\" data-block-id=\"65c7644\"><hr class=\"stk-block-divider__hr\"\/><\/div>\n\n\n\n<p class=\"has-large-font-size\"><\/p>\n\n\n\n<div class=\"wp-block-columns is-layout-flex wp-container-core-columns-is-layout-28f84493 wp-block-columns-is-layout-flex\">\n<div class=\"wp-block-column is-layout-flow wp-block-column-is-layout-flow\" style=\"flex-basis:100%\">\n<h2 class=\"wp-block-heading\">Dossier E4 : Mise en place d\u2019un moyen d\u2019analyse des donn\u00e9es t\u00e9l\u00e9phonique de l\u2019accueil<\/h2>\n<\/div>\n<\/div>\n\n\n\n<p class=\"has-large-font-size\"><\/p>\n\n\n\n<div data-wp-interactive=\"core\/file\" class=\"wp-block-file\"><object data-wp-bind--hidden=\"!state.hasPdfPreview\" hidden class=\"wp-block-file__embed\" data=\"https:\/\/lucas.bethmont.formation-esiac.fr\/wp-content\/uploads\/2025\/05\/DOSSIER-E4-Statistiques-telephoniques.pdf\" type=\"application\/pdf\" style=\"width:100%;height:1190px\" aria-label=\"Embed of DOSSIER E4 - Statistiques t\u00e9l\u00e9phoniques.\"><\/object><a id=\"wp-block-file--media-75c13095-9fe3-4c2a-b8b0-50b35e83fab6\" href=\"https:\/\/lucas.bethmont.formation-esiac.fr\/wp-content\/uploads\/2025\/05\/DOSSIER-E4-Statistiques-telephoniques.pdf\">DOSSIER E4 &#8211; Statistiques t\u00e9l\u00e9phoniques<\/a><a href=\"https:\/\/lucas.bethmont.formation-esiac.fr\/wp-content\/uploads\/2025\/05\/DOSSIER-E4-Statistiques-telephoniques.pdf\" class=\"wp-block-file__button wp-element-button\" download aria-describedby=\"wp-block-file--media-75c13095-9fe3-4c2a-b8b0-50b35e83fab6\">T\u00e9l\u00e9charger<\/a><\/div>\n\n\n\n<div class=\"wp-block-stackable-divider stk-block-divider stk-block stk-42497be\" data-block-id=\"42497be\"><hr class=\"stk-block-divider__hr\"\/><\/div>\n\n\n\n<div class=\"wp-block-columns is-layout-flex wp-container-core-columns-is-layout-28f84493 wp-block-columns-is-layout-flex\">\n<div class=\"wp-block-column is-layout-flow wp-block-column-is-layout-flow\" style=\"flex-basis:100%\">\n<h2 class=\"wp-block-heading\">Dossier E4 : Mise en place, avec un prestataire, d\u2019une solution de lancement d\u2019alerte en cas d\u2019agression<\/h2>\n<\/div>\n<\/div>\n\n\n\n<p class=\"has-large-font-size\"><\/p>\n\n\n\n<div data-wp-interactive=\"core\/file\" class=\"wp-block-file\"><object data-wp-bind--hidden=\"!state.hasPdfPreview\" hidden class=\"wp-block-file__embed\" data=\"https:\/\/lucas.bethmont.formation-esiac.fr\/wp-content\/uploads\/2025\/05\/E4-Alerte-agression.pdf\" type=\"application\/pdf\" style=\"width:100%;height:1190px\" aria-label=\"Embed of E4 - Alerte agression.\"><\/object><a id=\"wp-block-file--media-74bee09c-beb0-4a8d-8924-cc25c2e47cf9\" href=\"https:\/\/lucas.bethmont.formation-esiac.fr\/wp-content\/uploads\/2025\/05\/E4-Alerte-agression.pdf\">E4 &#8211; Alerte agression<\/a><a href=\"https:\/\/lucas.bethmont.formation-esiac.fr\/wp-content\/uploads\/2025\/05\/E4-Alerte-agression.pdf\" class=\"wp-block-file__button wp-element-button\" download aria-describedby=\"wp-block-file--media-74bee09c-beb0-4a8d-8924-cc25c2e47cf9\">T\u00e9l\u00e9charger<\/a><\/div>\n\n\n\n<div class=\"wp-block-stackable-divider stk-block-divider stk-block stk-559fed8\" data-block-id=\"559fed8\"><style>.stk-559fed8 {margin-bottom:0px !important;}<\/style><hr class=\"stk-block-divider__hr\"\/><\/div>\n\n\n\n<h2 class=\"wp-block-heading\">Tableau de synth\u00e8se des r\u00e9alisations professionnelles<\/h2>\n\n\n\n<div data-wp-interactive=\"core\/file\" class=\"wp-block-file\"><object data-wp-bind--hidden=\"!state.hasPdfPreview\" hidden class=\"wp-block-file__embed\" data=\"https:\/\/lucas.bethmont.formation-esiac.fr\/wp-content\/uploads\/2025\/03\/E4-Tableau-de-synthese_BETHMONTLucas.pdf\" type=\"application\/pdf\" style=\"width:100%;height:600px\" aria-label=\"Embed of E4-Tableau de synth\u00e8se_BETHMONTLucas.\"><\/object><a id=\"wp-block-file--media-e5e07fbc-f304-480e-aba5-c9a8d08e7fcf\" href=\"https:\/\/lucas.bethmont.formation-esiac.fr\/wp-content\/uploads\/2025\/03\/E4-Tableau-de-synthese_BETHMONTLucas.pdf\">E4-Tableau de synth\u00e8se_BETHMONTLucas<\/a><a href=\"https:\/\/lucas.bethmont.formation-esiac.fr\/wp-content\/uploads\/2025\/03\/E4-Tableau-de-synthese_BETHMONTLucas.pdf\" class=\"wp-block-file__button wp-element-button\" download aria-describedby=\"wp-block-file--media-e5e07fbc-f304-480e-aba5-c9a8d08e7fcf\">T\u00e9l\u00e9charger<\/a><\/div>\n","protected":false},"excerpt":{"rendered":"<p>Dans le cadre de l\u2019\u00e9preuve E4 du BTS SIO, j\u2019ai r\u00e9alis\u00e9 plusieurs dossiers d\u00e9taillant des situations professionnelles rencontr\u00e9es et les solutions que j\u2019ai mises en place. Ces dossiers illustrent mes comp\u00e9tences techniques et m\u00e9thodologiques dans l\u2019administration des syst\u00e8mes, la gestion des r\u00e9seaux et le d\u00e9veloppement d\u2019applications. Chaque dossier pr\u00e9sente une probl\u00e9matique r\u00e9elle, l\u2019analyse de la [&hellip;]<\/p>\n","protected":false},"author":1,"featured_media":0,"parent":0,"menu_order":0,"comment_status":"closed","ping_status":"closed","template":"","meta":{"footnotes":""},"class_list":["post-2","page","type-page","status-publish","hentry"],"blocksy_meta":[],"_links":{"self":[{"href":"https:\/\/lucas.bethmont.formation-esiac.fr\/index.php\/wp-json\/wp\/v2\/pages\/2","targetHints":{"allow":["GET"]}}],"collection":[{"href":"https:\/\/lucas.bethmont.formation-esiac.fr\/index.php\/wp-json\/wp\/v2\/pages"}],"about":[{"href":"https:\/\/lucas.bethmont.formation-esiac.fr\/index.php\/wp-json\/wp\/v2\/types\/page"}],"author":[{"embeddable":true,"href":"https:\/\/lucas.bethmont.formation-esiac.fr\/index.php\/wp-json\/wp\/v2\/users\/1"}],"replies":[{"embeddable":true,"href":"https:\/\/lucas.bethmont.formation-esiac.fr\/index.php\/wp-json\/wp\/v2\/comments?post=2"}],"version-history":[{"count":9,"href":"https:\/\/lucas.bethmont.formation-esiac.fr\/index.php\/wp-json\/wp\/v2\/pages\/2\/revisions"}],"predecessor-version":[{"id":984,"href":"https:\/\/lucas.bethmont.formation-esiac.fr\/index.php\/wp-json\/wp\/v2\/pages\/2\/revisions\/984"}],"wp:attachment":[{"href":"https:\/\/lucas.bethmont.formation-esiac.fr\/index.php\/wp-json\/wp\/v2\/media?parent=2"}],"curies":[{"name":"wp","href":"https:\/\/api.w.org\/{rel}","templated":true}]}}