{"id":1011,"date":"2025-05-12T11:29:43","date_gmt":"2025-05-12T09:29:43","guid":{"rendered":"https:\/\/lucas.bethmont.formation-esiac.fr\/?page_id=1011"},"modified":"2025-05-12T11:40:26","modified_gmt":"2025-05-12T09:40:26","slug":"veille-informatique","status":"publish","type":"page","link":"https:\/\/lucas.bethmont.formation-esiac.fr\/index.php\/veille-informatique\/","title":{"rendered":"Veille informatique"},"content":{"rendered":"\n<div class=\"wp-block-stackable-columns alignfull stk-block-columns stk-block stk-6e1391f stk-block-background\" data-block-id=\"6e1391f\"><style>.stk-6e1391f {background-color:#000000 !important;}.stk-6e1391f:before{background-color:#000000 !important;}<\/style><div class=\"stk-row stk-inner-blocks stk-block-content stk-content-align stk-6e1391f-column alignwide\">\n<div class=\"wp-block-stackable-column stk-block-column stk-column stk-block stk-995c02a\" data-v=\"4\" data-block-id=\"995c02a\"><div class=\"stk-column-wrapper stk-block-column__content stk-container stk-995c02a-container stk--no-background stk--no-padding\"><div class=\"has-text-align-left stk-block-content stk-inner-blocks stk-995c02a-inner-blocks\">\n<div class=\"wp-block-stackable-image stk-block-image stk-block stk-4a99709\" data-block-id=\"4a99709\"><style>.stk-4a99709 .stk-img-wrapper{width:80% !important;}<\/style><figure><span class=\"stk-img-wrapper stk-image--shape-stretch\"><img loading=\"lazy\" decoding=\"async\" class=\"stk-img wp-image-1017\" src=\"https:\/\/lucas.bethmont.formation-esiac.fr\/wp-content\/uploads\/2025\/05\/Logo_01net_2019.svg.png\" width=\"1200\" height=\"1057\" srcset=\"https:\/\/lucas.bethmont.formation-esiac.fr\/wp-content\/uploads\/2025\/05\/Logo_01net_2019.svg.png 1200w, https:\/\/lucas.bethmont.formation-esiac.fr\/wp-content\/uploads\/2025\/05\/Logo_01net_2019.svg-300x264.png 300w, https:\/\/lucas.bethmont.formation-esiac.fr\/wp-content\/uploads\/2025\/05\/Logo_01net_2019.svg-1024x902.png 1024w, https:\/\/lucas.bethmont.formation-esiac.fr\/wp-content\/uploads\/2025\/05\/Logo_01net_2019.svg-768x676.png 768w\" sizes=\"auto, (max-width: 1200px) 100vw, 1200px\" \/><\/span><\/figure><\/div>\n\n\n\n<div class=\"wp-block-stackable-heading stk-block-heading stk-block-heading--v2 stk-block stk-5c83240\" id=\"a-href-https-www-01-net-com-actualites-data-type-link-data-id-https-www-01-net-com-actualites-01-net-com-actualite-a\" data-block-id=\"5c83240\"><style>.stk-5c83240 .stk-block-heading__text{color:#FFFFFF !important;font-family:\"Unica One\", Sans-serif !important;}<\/style><h2 class=\"stk-block-heading__text has-text-color has-white-color\"><a href=\"https:\/\/www.01net.com\/actualites\/\" data-type=\"link\" data-id=\"https:\/\/www.01net.com\/actualites\/\">01net.com : actualit\u00e9<\/a>  <\/h2><\/div>\n\n\n\n<div class=\"wp-block-stackable-text stk-block-text stk-block stk-4eb0162\" data-block-id=\"4eb0162\"><style>.stk-4eb0162 .stk-block-text__text{color:#FFFFFF !important;}<\/style><p class=\"stk-block-text__text has-text-color has-white-color has-text-align-justify\">Cette page de <a>01net.com<\/a> propose une couverture quotidienne de l\u2019actualit\u00e9 high-tech : innovations technologiques, cybers\u00e9curit\u00e9, intelligence artificielle, tests produits, vie num\u00e9rique, t\u00e9l\u00e9coms et entreprises. C\u2019est une ressource utile pour suivre l\u2019\u00e9volution du secteur informatique et num\u00e9rique en France et \u00e0 l\u2019international.<\/p><\/div>\n\n\n\n<div class=\"wp-block-stackable-button-group stk-block-button-group stk-block stk-4c996d1\" data-block-id=\"4c996d1\"><div class=\"stk-row stk-inner-blocks has-text-align-center stk-block-content stk-button-group\">\n<div class=\"wp-block-stackable-button stk-block-button has-text-align-center stk-block stk-e5dfb36\" data-block-id=\"e5dfb36\"><style>.stk-e5dfb36 .stk-button{padding-right:32px !important;padding-left:32px !important;background:#37cdc0 !important;border-top-left-radius:50px !important;border-top-right-radius:50px !important;border-bottom-right-radius:50px !important;border-bottom-left-radius:50px !important;}.stk-e5dfb36 .stk-button__inner-text{font-size:16px !important;color:#000000 !important;font-family:\"Merriweather\", Sans-serif !important;}@media screen and (max-width:999px){.stk-e5dfb36 .stk-button__inner-text{font-size:16px !important;}}<\/style><a class=\"stk-link stk-button stk--hover-effect-darken\" href=\"https:\/\/www.01net.com\/actualites\/\"><span class=\"has-text-color has-black-color stk-button__inner-text\">Visiter le site<\/span><\/a><\/div>\n<\/div><\/div>\n<\/div><\/div><\/div>\n\n\n\n<div class=\"wp-block-stackable-column stk-block-column stk-column stk-block stk-e70eb01\" data-v=\"4\" data-block-id=\"e70eb01\"><div class=\"stk-column-wrapper stk-block-column__content stk-container stk-e70eb01-container stk--no-background stk--no-padding\"><div class=\"stk-block-content stk-inner-blocks stk-e70eb01-inner-blocks\">\n<div class=\"wp-block-stackable-image stk-block-image stk-block stk-aed3613\" data-block-id=\"aed3613\"><style>.stk-aed3613 .stk-img-wrapper{width:80% !important;}<\/style><figure><span class=\"stk-img-wrapper stk-image--shape-stretch\"><img loading=\"lazy\" decoding=\"async\" class=\"stk-img wp-image-1019\" src=\"https:\/\/lucas.bethmont.formation-esiac.fr\/wp-content\/uploads\/2025\/05\/image_2025-05-12_113825285.png\" width=\"417\" height=\"186\" srcset=\"https:\/\/lucas.bethmont.formation-esiac.fr\/wp-content\/uploads\/2025\/05\/image_2025-05-12_113825285.png 417w, https:\/\/lucas.bethmont.formation-esiac.fr\/wp-content\/uploads\/2025\/05\/image_2025-05-12_113825285-300x134.png 300w\" sizes=\"auto, (max-width: 417px) 100vw, 417px\" \/><\/span><\/figure><\/div>\n\n\n\n<div class=\"wp-block-stackable-heading stk-block-heading stk-block-heading--v2 stk-block stk-bbf67a8\" id=\"a-href-https-blog-lesjeudis-com-data-type-link-data-id-https-blog-lesjeudis-com-blog-lesjeudis-com-a\" data-block-id=\"bbf67a8\"><style>.stk-bbf67a8 .stk-block-heading__text{color:#FFFFFF !important;font-family:\"Unica One\", Sans-serif !important;}<\/style><h2 class=\"stk-block-heading__text has-text-color has-white-color\"><a href=\"https:\/\/blog.lesjeudis.com\" data-type=\"link\" data-id=\"https:\/\/blog.lesjeudis.com\">blog.lesjeudis.com<\/a><\/h2><\/div>\n\n\n\n<div class=\"wp-block-stackable-text stk-block-text stk-block stk-5841b74\" data-block-id=\"5841b74\"><style>.stk-5841b74 .stk-block-text__text{color:#FFFFFF !important;}<\/style><p class=\"stk-block-text__text has-text-color has-white-color\">Le blog <a href=\"https:\/\/blog.lesjeudis.com\/\">blog.lesjeudis.com<\/a> publie des articles sur l\u2019actualit\u00e9 IT, les tendances tech, le d\u00e9veloppement, la cybers\u00e9curit\u00e9, l\u2019emploi dans l\u2019informatique et les conseils carri\u00e8re. Il couvre aussi des \u00e9v\u00e9nements et initiatives autour des m\u00e9tiers du num\u00e9rique.<\/p><\/div>\n\n\n\n<div class=\"wp-block-stackable-button-group stk-block-button-group stk-block stk-83ea1ec\" data-block-id=\"83ea1ec\"><div class=\"stk-row stk-inner-blocks has-text-align-center stk-block-content stk-button-group\">\n<div class=\"wp-block-stackable-button stk-block-button stk-block stk-8b2bdae\" data-block-id=\"8b2bdae\"><style>.stk-8b2bdae .stk-button{padding-right:32px !important;padding-left:32px !important;background:#37cdc0 !important;border-top-left-radius:50px !important;border-top-right-radius:50px !important;border-bottom-right-radius:50px !important;border-bottom-left-radius:50px !important;}.stk-8b2bdae .stk-button__inner-text{font-size:16px !important;color:#000000 !important;font-family:\"Merriweather\", Sans-serif !important;}@media screen and (max-width:999px){.stk-8b2bdae .stk-button__inner-text{font-size:16px !important;}}<\/style><a class=\"stk-link stk-button stk--hover-effect-darken\" href=\"https:\/\/blog.lesjeudis.com\"><span class=\"has-text-color has-black-color stk-button__inner-text\">Visiter le site<\/span><\/a><\/div>\n<\/div><\/div>\n<\/div><\/div><\/div>\n<\/div><\/div>\n\n\n\n<h2 class=\"wp-block-heading has-palette-color-7-color has-text-color has-link-color wp-elements-c37c05b8b785b0bada156bfe75b1a79a\"><span style=\"color: var(--theme-palette-color-3, #687279);\" class=\"stk-highlight\">Flux RSS : LE MONDE, th\u00e9matique s\u00e9curit\u00e9<\/span><\/h2>\n\n\n<ul class=\"wp-block-rss\"><li class='wp-block-rss__item'><div class='wp-block-rss__item-title'><a href='https:\/\/www.lemondeinformatique.fr\/actualites\/lire-deux-failles-critiques-corrigees-dans-chrome-147-99891.html'>Deux failles critiques corrig\u00e9es dans Chrome 147<\/a><\/div><\/li><li class='wp-block-rss__item'><div class='wp-block-rss__item-title'><a href='https:\/\/www.lemondeinformatique.fr\/actualites\/lire-dynatrace%C2%A0acquiert%C2%A0bindplane%C2%A0pour-muscler-son-observabilite-99889.html'>Dynatrace\u00a0acquiert\u00a0Bindplane\u00a0pour muscler son observabilit\u00e9<\/a><\/div><\/li><li class='wp-block-rss__item'><div class='wp-block-rss__item-title'><a href='https:\/\/www.lemondeinformatique.fr\/actualites\/lire-collabnext-gagne-en-integration-et-en-standardisation-99862.html'>CollabNext gagne en int\u00e9gration et en standardisation<\/a><\/div><\/li><li class='wp-block-rss__item'><div class='wp-block-rss__item-title'><a href='https:\/\/www.lemondeinformatique.fr\/actualites\/lire-apt28-pirate-des-routeurs-domestiques-pour-espionner-des-entreprises-99879.html'>APT28 pirate des routeurs domestiques pour espionner des entreprises<\/a><\/div><\/li><li class='wp-block-rss__item'><div class='wp-block-rss__item-title'><a href='https:\/\/www.lemondeinformatique.fr\/actualites\/lire-une-faille-dans-adobe-acrobat-reader-non-corrigee-exploitee-depuis-des-mois-99881.html'>Une faille dans Adobe Acrobat Reader non corrig\u00e9e exploit\u00e9e depuis des mois<\/a><\/div><\/li><\/ul>\n\n\n<p><\/p>\n\n\n\n<h2 class=\"wp-block-heading has-palette-color-7-color has-text-color has-link-color wp-elements-936600c906a1bdcf426f1e6c5a35a1e9\"><span style=\"color: var(--theme-palette-color-3, #687279);\" class=\"stk-highlight\">Flux RSS : Google Actu, cybers\u00e9curit\u00e9<\/span><\/h2>\n\n\n<ul class=\"wp-block-rss\"><li class='wp-block-rss__item'><div class='wp-block-rss__item-title'><a href='https:\/\/atlasflux.saynete.net\/atlas_des_flux_rss_ang_dedicated_associated_press.htm'>AP &#8211; Associated Press added to the press category<\/a><\/div><\/li><li class='wp-block-rss__item'><div class='wp-block-rss__item-title'><a href='https:\/\/atlasflux.saynete.net\/atlas_des_flux_rss_fra_territoire_oceanie.htm'>Oc\u00e9anie ajout\u00e9e  aux territoires<\/a><\/div><\/li><li class='wp-block-rss__item'><div class='wp-block-rss__item-title'><a href='https:\/\/atlasflux.saynete.net\/atlas_des_flux_rss_fra_plateforme_spip.htm'>Spip ajout\u00e9 aux plateformes<\/a><\/div><\/li><li class='wp-block-rss__item'><div class='wp-block-rss__item-title'><a href='https:\/\/atlasflux.saynete.net\/atlas_des_flux_rss_fra_culture_theatre.htm'>Th\u00e9\u00e2tre ajout\u00e9 \u00e0 la rubrique culture<\/a><\/div><\/li><li class='wp-block-rss__item'><div class='wp-block-rss__item-title'><a href='https:\/\/atlasflux.saynete.net\/atlas_des_flux_rss_ang_dedicated_financial_times.htm'>Financial Times added to the economy category<\/a><\/div><\/li><\/ul>\n\n\n<p><\/p>\n\n\n\n<h2 class=\"wp-block-heading has-palette-color-7-color has-text-color has-link-color wp-elements-06fcebe011ebf2a65ef40e4381b1825c\"><span style=\"color: var(--theme-palette-color-3, #687279);\" class=\"stk-highlight\">Flux RSS : 9to5google.com<\/span><\/h2>\n\n\n<ul class=\"wp-block-rss\"><li class='wp-block-rss__item'><div class='wp-block-rss__item-title'><a href='https:\/\/9to5google.com\/2026\/04\/11\/google-ai-pro-ultra-features\/'>What Gemini features you get with Google AI Plus, Pro, &amp; Ultra [April 2026]<\/a><\/div><\/li><li class='wp-block-rss__item'><div class='wp-block-rss__item-title'><a href='https:\/\/9to5google.com\/2026\/04\/11\/android-airdrop-list-of-supported-devices\/'>These Android phones support AirDrop sharing with iPhone and Mac<\/a><\/div><\/li><li class='wp-block-rss__item'><div class='wp-block-rss__item-title'><a href='https:\/\/9to5google.com\/2026\/04\/10\/pixelated-095-a-gemini-vibe-check\/'>Pixelated 095: A Gemini vibe check<\/a><\/div><\/li><li class='wp-block-rss__item'><div class='wp-block-rss__item-title'><a href='https:\/\/9to5google.com\/2026\/04\/10\/google-messages-trash-folder-wide\/'>Google Messages for Android rolls out Trash folder<\/a><\/div><\/li><li class='wp-block-rss__item'><div class='wp-block-rss__item-title'><a href='https:\/\/9to5toys.com\/2026\/04\/10\/friday-android-app-deals-this-fine-mutropolis\/'>Friday\u2019s Android app deals and freebies: This Is Fine, Mutropolis, Terra Mystica, more<\/a><\/div><\/li><\/ul>\n\n\n<p><\/p>\n","protected":false},"excerpt":{"rendered":"<p>01net.com : actualit\u00e9 Cette page de 01net.com propose une couverture quotidienne de l\u2019actualit\u00e9 high-tech : innovations technologiques, cybers\u00e9curit\u00e9, intelligence artificielle, tests produits, vie num\u00e9rique, t\u00e9l\u00e9coms et entreprises. C\u2019est une ressource utile pour suivre l\u2019\u00e9volution du secteur informatique et num\u00e9rique en France et \u00e0 l\u2019international. Visiter le site blog.lesjeudis.com Le blog blog.lesjeudis.com publie des articles sur [&hellip;]<\/p>\n","protected":false},"author":1,"featured_media":0,"parent":0,"menu_order":0,"comment_status":"closed","ping_status":"closed","template":"","meta":{"footnotes":""},"class_list":["post-1011","page","type-page","status-publish","hentry"],"blocksy_meta":[],"_links":{"self":[{"href":"https:\/\/lucas.bethmont.formation-esiac.fr\/index.php\/wp-json\/wp\/v2\/pages\/1011","targetHints":{"allow":["GET"]}}],"collection":[{"href":"https:\/\/lucas.bethmont.formation-esiac.fr\/index.php\/wp-json\/wp\/v2\/pages"}],"about":[{"href":"https:\/\/lucas.bethmont.formation-esiac.fr\/index.php\/wp-json\/wp\/v2\/types\/page"}],"author":[{"embeddable":true,"href":"https:\/\/lucas.bethmont.formation-esiac.fr\/index.php\/wp-json\/wp\/v2\/users\/1"}],"replies":[{"embeddable":true,"href":"https:\/\/lucas.bethmont.formation-esiac.fr\/index.php\/wp-json\/wp\/v2\/comments?post=1011"}],"version-history":[{"count":7,"href":"https:\/\/lucas.bethmont.formation-esiac.fr\/index.php\/wp-json\/wp\/v2\/pages\/1011\/revisions"}],"predecessor-version":[{"id":1023,"href":"https:\/\/lucas.bethmont.formation-esiac.fr\/index.php\/wp-json\/wp\/v2\/pages\/1011\/revisions\/1023"}],"wp:attachment":[{"href":"https:\/\/lucas.bethmont.formation-esiac.fr\/index.php\/wp-json\/wp\/v2\/media?parent=1011"}],"curies":[{"name":"wp","href":"https:\/\/api.w.org\/{rel}","templated":true}]}}